4
Let b be (-108)/(-5)*20/3. Let c be ((-6)/9)/(2/(-3)). Let y be -1*(c - 16) - -1. What is the highest common factor of y and b?
16
Let y(z) = z**3 + 8*z**2 - 2*z - 8. Let n be y(-8). Let a(h) = h**2 + 9*h - 18. Let m be a(6). What is the highest common factor of m and n?
8
Let y(m) = 2*m**3 - m**2 - 2*m - 5. Let j be y(3). Calculate the highest common factor of j and 34.
34
Let z = 122 + -34. Let o = 15 + -7. Calculate the highest common factor of o and z.
8
Let g = 70 + 70. Suppose 3*m + m = g. What is the highest common divisor of 14 and m?
7
Let i be (9 - 1)*3/6. Suppose -d + 2 = -2*t, 2*t - i*t = -10. What is the greatest common divisor of d and 4?
4
Let f be (-3 - -10)/(3/6). Let v(w) = -w**2 - 6*w + 5. Let t be v(-6). Suppose -z = -f + t. What is the greatest common divisor of z and 27?
9
Let m(d) = d**3 + 7*d**2 + 6*d + 2. Let i be m(-6). Let l = -2 - i. Let b be l/(-8) + 2/4. What is the greatest common divisor of b and 3?
1
Let r be 1 + (-5)/((-5)/14). Suppose 1 = -2*j + r. Calculate the highest common factor of j and 49.
7
Let j be ((-1)/3)/(2/(-66)). Calculate the greatest common divisor of 11 and j.
11
Let v(g) = 2*g**2 + 5*g + 3. Let o be v(-4). Let k be (6/4)/(1/10). What is the greatest common divisor of o and k?
15
Let k = -725 + 1069. Calculate the greatest common divisor of 43 and k.
43
Let g(c) = 10*c + 8. Let q be g(4). Calculate the highest common factor of 72 and q.
24
Suppose 4*s = -12, 2*m - 7*s = -2*s + 33. Let f = -20 + 21. Calculate the greatest common factor of m and f.
1
Let v be (12/6)/((-2)/(-15)). Calculate the highest common divisor of 165 and v.
15
Let p(u) = 3*u - 9. Let n be p(9). What is the highest common factor of 18 and n?
18
Let q = -8 - -12. Suppose -g + q - 1 = 0. Calculate the greatest common divisor of 9 and g.
3
Suppose -53 = -r + 28. Suppose -j + r = -2*a, -6*a + 3*a + 366 = 5*j. Suppose 3*g = 8*g, -150 = -5*o + 5*g. Calculate the highest common factor of j and o.
15
Let l = -3 - -6. Suppose 4*s = 13 + 23. What is the greatest common divisor of s and l?
3
Let o(w) = -2*w - 46. Let k be o(-24). What is the greatest common divisor of k and 4?
2
Let j(x) = 3*x**2 + 2. Let h be j(-4). Calculate the highest common divisor of h and 20.
10
Let v(z) = -z + 5. Let c be v(4). Calculate the highest common factor of c and 27.
1
Suppose 0 = -2*l - 3*x + 185, -125 + 374 = 3*l - 5*x. Calculate the greatest common divisor of l and 220.
44
Suppose 4*p - 3*p = 20. Suppose 2*f + d - p = 0, f - 2*d = -0*d. Calculate the highest common divisor of f and 8.
8
Let p be (2/(-4))/(5/(-20)). What is the greatest common divisor of 16 and p?
2
Suppose g + 46 = 3*l + 2*g, 74 = 5*l + 3*g. Calculate the highest common divisor of 8 and l.
8
Suppose -206 = -3*u + 49. Calculate the greatest common factor of u and 17.
17
Let d be (-1)/3*(2 - 53). Calculate the greatest common factor of 1 and d.
1
Let v = -29 - -5. Let w = v + 27. Calculate the highest common factor of w and 24.
3
Let t(m) = 5*m**3 - 2*m**2 + m + 2. Let u be 6 - 3 - (-1 - -2). Let k be t(u). Calculate the greatest common factor of 54 and k.
18
Let u be (-3)/18 + ((-3566)/(-12))/1. Let j be 2/2 - 13*-2. What is the highest common divisor of u and j?
27
Let c = -33 + 43. Calculate the highest common divisor of c and 70.
10
Suppose -2*g + 3*c = -78, g = 6*g + c - 178. Calculate the greatest common divisor of 12 and g.
12
Suppose 2*q + 5 - 37 = 0. Suppose 3*v + 162 = 5*d, 4*d = 4*v + q + 120. Let r be (13 - 3)*(-4)/(-2). What is the highest common divisor of d and r?
10
Suppose 16 = u + u. What is the greatest common divisor of 8 and u?
8
Let z be (-145)/(-15) + (-1)/(-3). Let k be (0 - 1)*1*6. Let i be (20/k)/(4/(-6)). Calculate the highest common divisor of z and i.
5
Suppose 4*y - 2*t = 430, 2*y - 255 = -4*t - 35. Let w = 12 - 0. What is the greatest common divisor of w and y?
12
Suppose -61 = -6*b - 1. What is the highest common divisor of 190 and b?
10
Let v = 16 + 3. Let h be -1 + (1 + 76)/1. Calculate the greatest common divisor of v and h.
19
Let u = -11 + 7. Let s be 98 - ((-8)/u + 0). What is the greatest common divisor of 12 and s?
12
Suppose 3*b - 3*h - 12 = 21, -42 = -4*b + 5*h. Let j = 314 - 171. Calculate the highest common divisor of j and b.
13
Let t be (-2 + 3/(-2))*-8. Let m = -11 + 19. Let q be ((-14)/(-3))/(m/12). What is the highest common divisor of q and t?
7
Suppose g = 5*g - 3*i - 15, 5*g - 18 = 3*i. What is the greatest common divisor of g and 1?
1
Suppose w + w - 3*j = 17, -5*w = -5*j - 35. Suppose 4*t - 80 = 5*y, -w*t - 5*y + 48 = -2*y. What is the greatest common factor of 165 and t?
15
Suppose 2 + 6 = 2*g. Suppose -9*r + 7 = -2*r. What is the greatest common divisor of g and r?
1
Let d(w) = -w**3 + 6*w**2 - 4*w - 2. Let m be d(5). Suppose 0 = m*u + u - 440. Suppose 0 = t - 2*t + 10. Calculate the greatest common factor of u and t.
10
Suppose 0 = -5*b + 5*y + 250, -4*b = -4*y + y - 195. Calculate the greatest common divisor of 495 and b.
45
Let d(f) = f**2 + 1 + 2*f + 6 + 2. Let h be d(7). Let s(g) = 8*g. Let y be s(1). What is the highest common factor of y and h?
8
Let i = 31 - -16. Suppose -4*j = -2*l + 52, -4*l + 66 = -l - 2*j. Let q = i - l. What is the greatest common divisor of q and 3?
3
Let v = 215 - 55. What is the greatest common factor of 32 and v?
32
Let n(x) = -x**2 - 25*x + 10. Let u be n(-5). Calculate the highest common factor of u and 55.
55
Let f be (0 + 1)*(8 - 8). Suppose f*z = z - 24. What is the greatest common divisor of z and 6?
6
Let y be ((-9)/(-6))/(12/16). Suppose -y*z = -5*z + 45. Calculate the highest common divisor of z and 165.
15
Let w = 770 + -1180. Let j be w/(-50) - 2/10. Calculate the greatest common divisor of j and 16.
8
Suppose -5*h - 4*q + 11 = 0, 3*q = 1 - 4. What is the greatest common divisor of h and 69?
3
Let g(n) = n**2 - 12*n + 12. Let c be g(12). What is the greatest common factor of 84 and c?
12
Let k be -1 - -1*(2 - -3). Let w be k + -2 + 1 + 0. Let x be 9/w - 3 - -5. Calculate the greatest common factor of x and 1.
1
Suppose 5*c - 152 + 2 = 4*p, 0 = -4*p - 20. Let g = c - -12. Suppose 0 = -5*j - 5*m + 485, 3*m - 91 = -j + 10. Calculate the highest common divisor of g and j.
19
Let c be 1/2*4/1. Suppose 3 = 4*w - 2*y + y, y - 1 = c*w. Let d = w - -4. Calculate the highest common factor of 66 and d.
6
Suppose -3*a = -5*a + 234. Suppose 6*b = b. Suppose b = -4*z + 19 + a. What is the greatest common divisor of 85 and z?
17
Let h = 17 - 1. Let q(z) = 5*z + 17. Let k be q(3). Calculate the greatest common factor of k and h.
16
Let f = 10 - -10. Suppose 10 = m + 4*m. Suppose -4*k - 3*q + 560 = 0, m*k - 4*q - 379 = -99. Calculate the greatest common divisor of k and f.
20
Let n(j) = 21*j**2 + 3*j + 6. Let c be n(5). Suppose -121 + c = 5*x. Calculate the greatest common factor of x and 34.
17
Suppose -36*c + 35*c + 10 = 0. What is the greatest common factor of c and 25?
5
Let f(x) = -x**3 - 8*x**2 - 3*x. Let s be f(-8). Let m(r) = r - 4*r + r + 3*r**2 - 1. Let g be m(-1). Calculate the greatest common divisor of g and s.
4
Let x be -12*(2 + (-54)/8). Let i = 81 - x. Suppose 3 = 3*v - 15. Calculate the greatest common divisor of i and v.
6
Suppose -j = -2*z - 42, 0*j - 3*z + 49 = 2*j. Suppose -j = -4*g + 2*m - 4*m, g - 2 = -2*m. What is the greatest common factor of g and 30?
10
Suppose 5*b = b + 80. What is the greatest common divisor of 4 and b?
4
Let k = 3 + -2. Let u = k + 2. Let v(f) = f**3 - f**2 - 3*f + 1. Let s be v(u). What is the greatest common factor of 4 and s?
2
Suppose 4*g - 4*v - 38 = 6, -2*g - v = -10. Calculate the highest common divisor of 7 and g.
7
Let w be ((-76)/8 - -4)*-2. Calculate the greatest common factor of 66 and w.
11
Let j(c) = -538*c + 2. Let w be j(-3). Let a be w/12 - 1/(-3). What is the greatest common factor of a and 15?
15
Suppose 2*x + 2*x = 0. Suppose -t + x*t + 13 = 0. Suppose -c + 4*g = 1 - 136, -3*g = c - 149. Calculate the highest common divisor of t and c.
13
Suppose -l - 59 = -11. Let u = -24 - l. Suppose 0 = -h + u. Calculate the greatest common divisor of h and 12.
12
Let y be 0/(2*(-1)/(-1)). Suppose y = w - 3*w + 48. What is the greatest common factor of 3 and w?
3
Suppose -x - 4*a + 7 = 0, -2*x + 69 = -3*a - 0. Let u = -16 - -25. What is the